16*l + 13. Let u be a(-11). Let v(i) = -i**3 + 6*i**2 - i - 4. Calculate v(u).
16
Let t(a) = 5*a - 4. Let x be t(4). Let l(q) = -q**3 + 4*q + 20. Let z be l(0). Let v = x - z. Let y(w) = w**2 + 7*w + 5. What is y(v)?
-7
Let g(c) = 8 + 7927*c - 7926*c - 3 + 2. Calculate g(-5).
2
Let x(a) = -a**2 + 17*a + 35. Let j(c) = 20*c**3 - 21*c + 20. Let s be j(1). Give x(s).
-3
Let z = 36 + -46. Let d(r) = r + 13. Calculate d(z).
3
Let p be (-268)/(-52) - (-4)/(-26). Let i(k) = k**3 - 3*k**2 - 5*k. Let y be i(p). Suppose -5*c = -0*c - y. Let o(d) = d**2 - 7*d + 6. Determine o(c).
-4
Suppose 0 = 25*n - 17*n + 24. Let d(u) = -3*u. What is d(n)?
9
Let c(z) = 30*z - 2 - 2 - 2*z - 52*z - z**2 + 32*z. Let o(s) = -s**2 - 4*s + 3. Let v = 8 + -11. Let r be o(v). Calculate c(r).
8
Suppose 3*j - 2*f = 2, -5*j + 20 + 5 = f. Let p(k) = -k**2 - 1 - 2*k + k - 3*k - j. Calculate p(-5).
-10
Let j = 309 + -194. Let x = 110 - j. Let k(i) be the first derivative of -i**4/4 - 4*i**3/3 + 7*i**2/2 + 6*i + 1. What is k(x)?
-4
Let z(a) = -3*a**2 - 4*a - 3. Let m be (3/(-2))/(1/(-2)). Suppose -4*j + 21 = m*j. Suppose -j = -b - 5. Determine z(b).
-7
Let j(k) = 2*k**2 + 2*k + 1. Let y(d) = -13*d**2 - 8*d - 3. Let b(n) = -4*j(n) - y(n). Let v be (-3)/9*(1 - -2). Determine b(v).
4
Let f(c) be the third derivative of c**4/24 + c**3/2 + 9*c**2 + 8*c. Determine f(-10).
-7
Suppose -8*v - 4 = -9*v. Suppose 6 = -h + 3*l, v*h - 3*l + 10 = 2*l. Let k(n) = -3*n + 2 + h + 6. Calculate k(6).
-10
Let v = -9 + 10. Suppose 2*f + v = f, -2*h + 8 = 4*f. Suppose r - 3*r = -h. Let z(c) = c**3 - 4*c**2 + c - 1. Determine z(r).
-7
Let s be (-16)/8 + 3 - 7. Let j(r) be the first derivative of 5*r**2/2 - 10*r + 2. Let z(h) = -h + 1. Let a(c) = j(c) + 6*z(c). Determine a(s).
2
Let w = 2486 + -2474. Let j(v) = v**2 - 12*v + 9. Calculate j(w).
9
Let k(l) = 3*l**2 + 436 - 435 + 8*l**3 + l**2 - 5*l**2. What is k(-1)?
-8
Let r(o) = -o + 1. Let h(j) = 1. Let v(k) = 2*h(k) - r(k). Determine v(6).
7
Let w(q) = -14*q**3 - 2*q**2 - 3*q - 1. Suppose -509*c + 492*c - 17 = 0. What is w(c)?
14
Let q(y) be the third derivative of -y**4/4 + 5*y**3/6 + 2*y**2. Let h(x) = 3*x - 3. Let j(t) = 7*h(t) + 4*q(t). Let c = 27 - 28. What is j(c)?
2
Let y(u) be the first derivative of u**3/3 + 6. Let l be (-9)/3 - 2/(-2). Let s be 1/(l + 4)*2. Give y(s).
1
Let d(v) = 2*v**3 - 2*v**2 + 2*v - 1. Let u be ((-25)/2)/(13/(-130)). Let y = u - 124. Determine d(y).
1
Let k(d) = 2*d - 3*d + 2*d. Let l = 6 + 5. Suppose 2*q = 8, 2*q - l = h - q. What is k(h)?
1
Let m(g) = 2610 + 9*g - 3*g**2 - g**2 - 2*g**2 - 2593 - g**3. Give m(-7).
3
Let l(v) = 5*v - 6. Suppose 56 = -23*b - 82. Determine l(b).
-36
Let z be 1*-1 - (-18)/2. Suppose -4*k + 8 + z = 0. Suppose d = k + 3. Let m(n) = n**3 - 7*n**2 + 3. Calculate m(d).
3
Let u(l) = -l**3 - 2*l**2 - 4*l - 1. Let k be (-54)/10 + 2 - 32/(-80). What is u(k)?
20
Let b(j) be the second derivative of 29*j - 1/12*j**4 - 3/2*j**3 + 0 - j**2. Determine b(-9).
-2
Let l be (18/12)/(3/(-8)). Let f(x) = -x + 1. Let p(u) = 8*u - 10. Let m(c) = 5*f(c) + p(c). Calculate m(l).
-17
Let g(y) = -30 + 9 + 14 - 2*y. Calculate g(6).
-19
Let v(p) = -p**3 + 2*p**2 + p - 1. Suppose -2*m + 8 = -b, -7 = -b - 2*m - m. Let u be 1/(-2)*b + -10. Let n be (-52)/(-20) - u/(-15). Give v(n).
1
Let q(v) = 2*v - 4. Let z(r) = -r + 3. Let h(c) = -2*q(c) - 3*z(c). Let s be (-80)/24*(-1)/(-5)*-6. Determine h(s).
-5
Let w be (10/4)/(-1)*-10. Suppose 5*i + 47 + 10 = -n, -2*i - 106 = 3*n. Let u = n + w. Let k(b) = -b**3 - 6*b**2 + 9*b + 6. Determine k(u).
-8
Let a = 80 + -73. Let q(j) = -j**3 + 8*j**2 - 8*j + 8. Determine q(a).
1
Let v be 2*(-3)/12*(-2 - 0). Let s(k) = -19*k + 13*k - v + 9*k. Calculate s(-2).
-7
Let f be (-9 + 13)/((-8)/(-6)). Let k(p) = p - 6 - 4 + 2 + 1. Give k(f).
-4
Let r be 1/((-34)/(-7) + 20/(-4)). Let h(k) = 3*k + 13. Let a(n) = 4*n + 14. Let p(s) = -2*a(s) + 3*h(s). Determine p(r).
4
Let k = -131 + 133. Let y(l) = -l**3 - 3*l**2 - 1. Let n(x) = -x**2 - 2*x**3 + 8*x**2 - 2*x**3 + 6*x**3 + 3. Let h(w) = -3*n(w) - 7*y(w). Determine h(k).
6
Let q(i) = i**2 + 3*i + 2. Suppose 0 = p + 5*d - 1, 5*d + 0 = -3*p + 13. Suppose 5*y + 19 + p = 0. Determine q(y).
12
Let c = 9 - 15. Let v(t) = -2*t**2 - 8*t + 9. Let d(a) = -a**2 - 4*a + 5. Let r(m) = -5*d(m) + 2*v(m). What is r(c)?
5
Suppose 3*h - 5*h + 22 = 0. Let f = -12 + h. Let k be (-3)/(f + 0) + 0. Let s(u) = u**3 - 5*u**2 + u + 2. What is s(k)?
-13
Let a = 23 - 21. Let r be (a - 2)/(1 + 0). Suppose 2*f = 2*d, r*d - 3 = -3*d + 2*f. Let c(x) = -x**3 + 2*x**2 + 4*x. Determine c(d).
3
Suppose 3*n = 80 - 101. Let v(r) = -4 - r - 4 + 2. What is v(n)?
1
Let j(l) = -3*l - 2. Let x(y) = 2*y + 1. Let s(n) = 2*j(n) + 5*x(n). Suppose -5*g + 258 = 3*c, 2*c - 176 = -4*g + 32. Let b be g/(-45) + 2/10. What is s(b)?
-3
Let g(b) be the second derivative of b**5/20 + 5*b**4/12 + 2*b**3/3 + 2*b**2 + 284*b. What is g(-4)?
4
Let m(j) = -6 + 4*j**2 + 138*j - 130*j - 3*j**2. Give m(-7).
-13
Let h(f) = f - 2*f**3 + 58*f**2 - 3*f - 3*f - 57*f**2 + 3*f**3 - 2. Give h(-3).
-5
Let n(i) = -17*i + i**3 + 11*i**2 - 10*i + 6 - 6 - 15. What is n(-13)?
-2
Suppose 34*v = -7*v - 451. Let o(s) = -2*s**2 - 23*s - 4. What is o(v)?
7
Let k(u) = -70*u**2 + 4 + u**3 + u + 0*u**3 + 74*u**2. Let i be k(-4). Let w(s) = s**2 + 3. Calculate w(i).
3
Let x be 1/2 - 122/(-4). Suppose 2*c = 5*s + 37, 7*s = c + 2*s - x. Let j be (c - 1)*4/10. Let v(z) = -z**3 - z**2 + z - 1. Calculate v(j).
-11
Let q(n) = -n**3 + 3*n**2 + n - 1. Let i(w) = -12*w + 10 - 7 - 3*w**2 + w**2. Let m be i(-6). What is q(m)?
2
Let j = -70 - -74. Let i(p) = 2*p**2 - 4 - 2*p**3 + 0*p**2 + j + 2. Give i(-2).
26
Let m(h) = -h**2 + 2*h - 4. Let k(q) = q**3 - q**2 - 3. Let u be k(2). Suppose -2*o + u = -7. Calculate m(o).
-12
Let b(m) = m**2 + m + 6. Let w be 24/(-1)*6/(-4). Let u = -33 + w. Suppose -s + r = -u*s - 1, -5*r - 5 = 0. Give b(s).
6
Let x(w) = w**3 + 28*w**2 - 61*w - 30. Let d be x(-30). Let z(v) = v**3 - v**2 - 2*v + 5. Give z(d).
5
Let r be -5 + 5 + -3 + 1. Let v be (r*28/(-8))/1. Let k(j) = j**2 - 5*j - 8. Determine k(v).
6
Let m(n) = 6*n + 30. Let y(i) = 9*i + 58. Let l(u) = -5*m(u) + 3*y(u). Determine l(6).
6
Let s(h) = h**2 - 8*h + 2. Let y = 83 + -76. What is s(y)?
-5
Let h(s) be the first derivative of 2*s**3/3 + s**2 + 3*s - 41. Determine h(-2).
7
Suppose 4*b + 2*b - 12 = 0. Let m(l) = -1 + l + 17*l - b*l. What is m(1)?
15
Let s(c) = -17*c - 99. Let m be s(-6). Let h(y) = -2*y + 2 - 2 + 4. Determine h(m).
-2
Suppose 2*v - 2 = -0*v. Let d(s) be the first derivative of -s**3/3 + s**2/2 - s - 27. Calculate d(v).
-1
Let b(y) be the second derivative of y**5/20 - 5*y**3/6 + 9*y. Let f(z) = -z**3 + z**2 + z. Let u(k) = b(k) + 2*f(k). What is u(2)?
-6
Let g be (15/9)/(10/30). Suppose -2*w = v - 3, 0 = -0*w + g*w + 5*v - 15. Let b(i) = i - 1. Determine b(w).
-1
Let y(g) = 41*g - 3*g**2 + 3 + 4*g**2 + 0 - 41*g. Determine y(-5).
28
Let u(f) = -f**3 + 2*f**2 + 16*f - 29. Let k be u(3). Let l(n) = n - 2. What is l(k)?
8
Let s(u) = -3*u + 11. Let c(q) = 12*q - 45. Let l(f) = -2*c(f) - 9*s(f). Let t(o) = -4*o + 13. Let z(g) = -7*l(g) - 5*t(g). Determine z(5).
-7
Let k(g) = -2*g + 4. Suppose 2*m + 5 = -0*u + 3*u, 4*m + 21 = -5*u. Let h be m/(-4) + 3 - -2. Suppose h = 2*j - 4. Determine k(j).
-6
Let v(l) = l**3 + l**2 - 2*l - 3. Let h = 7 - -29. Let z = h + -38. Determine v(z).
-3
Suppose 14*i - 9*i - 74 = -3*j, -82 = -5*j + 2*i. Let n(x) = x - 14. Determine n(j).
4
Let b(y) = 3*y + 18 - 12 - 4*y. Suppose -8*v = v - 2*v. What is b(v)?
6
Let l(r) = -12 - 13 - 2*r + 15. Calculate l(-7).
4
Let p(c) = c**3 + 6*c**2 + 2*c - 2. Let f = 12 + -10. Suppose 2 = 3*d - f*d. Suppose 4*m = -3*g + d*m - 18, 0 = -3*m. Give p(g).
-14
Let g(q) = -q**2 + 8*q + 11. Let s be 12/3*15/(-4). Let f = s + 24. Let n be g(f). Let a(y) = y**2 + y - 1. Determine a(n).
5
Let a(o) = 4*o**2 - 40*o + 30. Let d(h) = 2*h**2 - 22*h + 15. Let j(s) = -3*a(s) + 5*d(s). Determine j(2).
-3
Let g(y) = 17*y**3 - 51*y**2 - 5*y. Let l(h) = -3*h**3 + 10*h**2 + h. Let k(z) = -2*g(z) - 11*l(z). Suppose -7*j = -2*j + 40. Calculate k(j).
8
Let g(t) = 12*t - 3. Let z(h) = -5*h + 1. Let v(a) = -4*g(a) - 10*z(a). Calculate v(-5).
-8
Let d(s) be the first derivative of s**2/2 + 4*s - 37. Let u(v) = v*